der when 230 is divided by b?
6
Let n(v) = 14*v - 1. Suppose 98*c - 4227 = 5228 - 733. What is the remainder when c is divided by n(2)?
8
Calculate the remainder when (-2)/(-7) + (1115 + -12)/(56/360) is divided by 197.
196
Let n(q) = 8*q - 13. Let y = -63 - -74. What is the remainder when n(7) is divided by y?
10
What is the remainder when -228*(320/(-30) + 6) is divided by 43?
32
Suppose x + 3*o = -513, 5*o = -10*x + 11*x + 521. Let r = x - -522. What is the remainder when 253 is divided by r?
1
Suppose -35*t = 11*t + 16*t - 2852. What is the remainder when t is divided by 17?
12
Let b = -796 - -444. Let o = b + 364. Calculate the remainder when 28 is divided by o.
4
Calculate the remainder when -7 + (32241/132 - (-1)/(-4)) is divided by 102.
33
Suppose -430 - 870 = -3*q + y, 4*y - 834 = -2*q. What is the remainder when q is divided by 97?
43
Let l = -7597 + 10642. Calculate the remainder when l is divided by 113.
107
Let c(m) = 4*m**2 + 216*m + 1244. Calculate the remainder when 328 is divided by c(-6).
52
Let q = 587 - 561. Suppose -5*s + a = -63, -5*s - a + 71 = 2*a. What is the remainder when q is divided by s?
0
Let w = 36834 + -36609. Calculate the remainder when w is divided by ((-171)/6)/(6/(-8)).
35
Suppose -1272 = -4*q - 4*s, -2*q = -5*s - 403 - 219. What is the remainder when q is divided by 84?
64
Let n be (-3 + (-1 - -3))/((-2)/8). Let q be (-2)/n*(27 + 1)*1. Let j = -2 - q. Calculate the remainder when 23 is divided by j.
11
Let f = 5 + -1. Suppose -h - f = -2*h. Suppose -l - 9 + 85 = h*i, 0 = i + 3*l - 30. Calculate the remainder when i is divided by 7.
4
Let i(z) = 5*z + 180. Let l = -542 + 518. What is the remainder when i(l) is divided by 9?
6
Let d = -87 - -126. Suppose -4*y + 4*f = -5*y + d, -2*y + 2*f + 48 = 0. What is the remainder when 39 is divided by y?
12
Suppose 17*m - 809 - 687 = 0. What is the remainder when 1231 is divided by m?
87
Suppose h + 85 = 5*o, 38 + 27 = 5*o + 3*h. What is the remainder when 233 is divided by o?
9
Suppose 2*k = -2*c + 1006, 2036 = 4*c + 67*k - 71*k. Let a = -431 + c. Suppose 0 = y - 9 - 10. What is the remainder when a is divided by y?
18
What is the remainder when 1461 is divided by 2/(-9) + 5/(90/346)?
17
Let x(d) = -3*d + 3. Let w be x(-2). Suppose 0 = -w*b + 128 + 97. Let o = 25 + 24. Calculate the remainder when o is divided by b.
24
Suppose -11*y - 4*l = -15*y + 2492, y = 2*l + 627. Calculate the remainder when y is divided by 23.
21
Suppose 2*t - 4*k - 1273 - 841 = 0, 0 = 2*k - 8. What is the remainder when t is divided by 6?
3
Suppose 5 = -q, -o + 236 = 3*q - q. Suppose 2*k + k + m - 341 = 0, 4*m = 2*k - o. What is the remainder when k is divided by 46?
23
Suppose -4*g - 2*j + 706 = 0, -5*j + 880 = 3*g + 340. What is the remainder when g is divided by 48?
31
Let o(s) = 3*s**3 - 4*s**2 + s + 4. Let w be o(2). Suppose 220 + 200 = w*f. What is the remainder when 1/((0 + 1)/87) is divided by f?
27
Suppose 5*w - 301 = -2*p, -w = 5*p - 78 + 27. Let v be 6/2*(-4)/((-4)/(-29)). Let b = v - -109. What is the remainder when w is divided by b?
17
Let h = -64 + 100. Suppose -5 = h*d - 37*d. What is the remainder when ((1 - 1) + -15)*-1 is divided by d?
0
Suppose 5*k = 2*k + 261. Let x be (14476/(-12))/(-11) - 1/(-3). Suppose -17*u + 12*u + x = 0. What is the remainder when k is divided by u?
21
Suppose 3*o + j = -0*o + 17, 5*j + 10 = 4*o. Suppose 25 + 15 = 5*g. What is the remainder when 67/o + (-30)/(-50) is divided by g?
6
Calculate the remainder when 101 is divided by -4*649/(-44) + (-4 - 1).
47
Let g(s) = -2*s - 6. Suppose 19*m = 14*m + 810. Suppose 13*l = 7*l + m. What is the remainder when l is divided by g(-6)?
3
Let y = -21703 - -22412. What is the remainder when 3556 is divided by y?
11
Let n(m) = m**3 + 4*m**2 + 6*m + 8. Let g = -205 + 210. Calculate the remainder when n(g) is divided by 68.
59
Let p = 868 + -852. Calculate the remainder when 157 is divided by p.
13
Suppose 4*k - 4*g - 508 = -2*g, -4*g - 16 = 0. What is the remainder when k is divided by (-21 + 0 + 0)*(-148)/259?
5
Let y = 5 - 3. Suppose 0 = c - y*c + 109. Suppose -353*s = 147*s + 119*s - 6809. What is the remainder when c is divided by s?
10
Let z(w) = -92*w - 853. Calculate the remainder when z(-10) is divided by 25.
17
Suppose -4*c + 72 = -0*c. What is the remainder when c is divided by 4/(-10)*(1815/121)/(3/(-2))?
2
Suppose -3*w + 45 = 6*w. Suppose -2*j + j + 204 = 0. Calculate the remainder when j is divided by -28*(-7 - -6) - w.
20
Let o(q) = -3*q**2 - 4*q**3 - 3*q**3 + 6*q**3 - 6*q**2 - 2 - 4*q. Let g be o(-3). Let d = -20 - g. What is the remainder when 69 is divided by d?
21
What is the remainder when (-42)/7*1 - 1092/(-3) is divided by 24?
22
Let y = 209 + -208. Calculate the remainder when 43 is divided by (y + 7)/((-21)/(-9) - 2).
19
Suppose u + 5*r - 51 = 0, -681*r = 4*u - 678*r - 85. What is the remainder when 740 is divided by u?
4
Let h(l) = 6*l**2 - 49*l - 17. Calculate the remainder when h(20) is divided by 36.
35
Suppose -5*k - a = -101, 78 = -2*k + 3*a + 115. Let i(u) = -22*u + 2. Let z be i(-1). Let y = 33 + z. What is the remainder when y is divided by k?
17
Let k be 1 + (3 - 6) - -5. Suppose 0 = -k*l + y - 30, 2*l + 3*l = y - 50. Calculate the remainder when 1 + 79 + (-30)/l is divided by 21.
20
Suppose 5*r - 5*u = 150, -2*r + 35 = 4*u - u. Suppose 3*w = -3*f + 231, -w + 26 = -2*f - 33. What is the remainder when w is divided by r?
21
Suppose -b = -3*z + 905, -b + 114 = -4*z + 1321. What is the remainder when z is divided by (-21)/(-14)*3 + (-1130)/(-2)*(-29)/(-290)?
58
Suppose -2279 = -18*o + 6577. Let f = 495 - o. What is the remainder when 12 is divided by f?
0
Let o = -1 + 69. Let p(y) = 5*y**2 + 2*y + 29. Let f(g) = g**2 + 2*g + 1. Let h(l) = -6*f(l) + p(l). Calculate the remainder when o is divided by h(-11).
8
Let x be (-1 + (-87)/2)*-2. Let c = 22 + 41. Let o = x - c. What is the remainder when 77 is divided by o?
25
Suppose w + 6*j - 2*j + 18 = 0, -5*j = 25. What is the remainder when (34*-11 + w)/(27 - 28) is divided by 47?
43
Suppose v + 2 = 0, 0 = j + v + 2*v - 6. Let d = j - 5. Suppose 0*z - 5*q = -4*z + 16, -5*z + 20 = -q. Calculate the remainder when d is divided by z.
3
Let z = -9989 + 11405. Calculate the remainder when z is divided by 89.
81
Let k(n) = -n**3 - 17*n**2 + 268*n + 64. Calculate the remainder when k(-27) is divided by 33.
19
Let x = 1678 - 1652. Calculate the remainder when 5/((-15)/(-386)) - (-1)/3 is divided by x.
25
Suppose -3*c = 127*n - 123*n - 747, 4*n - 11*c - 677 = 0. What is the remainder when n is divided by (-86)/(-5) + 4/(-20)?
13
Suppose -4*g + 1374 = 2*w + 258, 824 = 3*g - 5*w. Let z = g + -260. Calculate the remainder when 45 is divided by z.
9
Let z = 57425 - 39353. What is the remainder when z is divided by 25?
22
Let o = 183353 - 183331. Calculate the remainder when (-18)/(3*(-2)/80) is divided by o.
20
Let p be (-17)/3 + -7*6/(-63). Let y = 16 + p. Let n = -11 + 87. What is the remainder when n is divided by y?
10
Suppose -121670 = -160*z + 29850. Calculate the remainder when z is divided by 95.
92
Suppose -19*l + 3073 = -7168. What is the remainder when l is divided by 171?
26
Suppose -2*i + 3*f = -f - 42, -i - 3*f = -11. Let u(z) = 10*z + 23. Calculate the remainder when u(0) is divided by i.
6
Let w = -94 + -670. Let g = w - -816. Calculate the remainder when 163 is divided by g.
7
Let z = 1040 + -1025. Let l(m) = -7*m + 4 - 9*m - m. What is the remainder when l(-4) is divided by z?
12
Suppose -12 = 3*a, 0 = -m + 7*a - 2*a + 54. Calculate the remainder when -4 - 276/(-4) - 0 is divided by m.
31
Let q be (-2 + 10/(-15))*78/8. Let j = -3 - q. Calculate the remainder when 86 is divided by j.
17
Let u(w) = 6*w**2 + 73 - 5*w**2 + 10*w - 74. Suppose 4*b + 44 = 2*h, 5*b = 2*h - 0 - 56. What is the remainder when 68 is divided by u(b)?
22
Let f = -1610 + 1613. Let y(g) = g - 14. Let b be y(12). Let u = b + 17. What is the remainder when u is divided by f?
0
Let n(t) = -2*t - 2. Calculate the remainder when n(-5) is divided by 2726/406 - (-85)/(-119).
2
Let f = 6 + 34. Let t = f + -42. Calculate the remainder when 59 is divided by (-26*2)/(-4) - t.
14
Suppose 3260*o - 3261*o = -221. Calculate the remainder when o is divided by 66.
23
Suppose 0